ime factors of i.
347
Suppose -3*h + 77 + 49 = 0. Let a = 57 - h. What are the prime factors of a?
3, 5
Let x(o) = -o**3 - 4*o**2 - o - 2. Let z be x(-6). Suppose 5*s = 24 + z. List the prime factors of s.
2, 5
Let i be -4*(2 + 69/(-2)). Let n = i + -80. List the prime factors of n.
2, 5
List the prime factors of 8/84 + (-4085)/(-105).
3, 13
Let t = 13 - 7. Let h be 3/6*(t + -2). Suppose 0 = -4*k + h*x - 2, 5 - 13 = k - 2*x. List the prime factors of k.
2
Suppose -f = -4*p + 1563, -3*p - 8*f + 1155 = -3*f. Suppose -5*r - 110 + p = 0. List the prime factors of r.
2, 7
Let r(y) = -y**2 + y - 1. Let t(s) = -s**3 + 7*s**2 - 11*s - 1. Let h(q) = -3*r(q) + t(q). What are the prime factors of h(5)?
3, 19
Let k(f) = -1699*f**3 - 2*f**2 + 3*f + 5. What are the prime factors of k(-1)?
1699
Suppose 4*g + 3*m = 88, 7*m - 3*m = 3*g - 91. Suppose g = 7*q - 2*q. Suppose -q*r + 74 + 56 = 0. List the prime factors of r.
2, 13
Suppose -5*s = 16 + 4, 2*s - 110 = -2*u. Suppose 2*o - z = 63, -3*o + 155 = -z + u. What are the prime factors of o?
3, 11
Let h be (12/(-10))/(1/(-300)). Suppose -4*j = 2*z - h, -3*j + 3*z - 2*z + 260 = 0. What are the prime factors of j?
2, 11
Let c(i) = 10*i**2 - 5*i - 5. Let j be c(3). Let t = j - -35. List the prime factors of t.
3, 5, 7
Let f = 1868 + -1005. List the prime factors of f.
863
Suppose -5*u + 5679 - 767 = 3*l, u = 2*l + 972. List the prime factors of u.
2, 5, 7
Let c = -517 - -1636. What are the prime factors of c?
3, 373
Suppose 5*k + 2*k = 588. Suppose 3*u = 2*u + k. List the prime factors of u.
2, 3, 7
Let j(p) = 4*p**2 + 3*p - 10. Let v be j(9). Let y = v + -189. What are the prime factors of y?
2, 19
Let s(x) = 9*x - 8. Let o be (-15)/20*(-40)/6. Let c be s(o). Let f = 53 - c. List the prime factors of f.
2
Let i be (-4 + 5)/(4/112). Let q be 12/i + (-11)/(-7). Suppose -5*c + 51 = 2*u, -u = -5*c - q*u + 48. List the prime factors of c.
3
Suppose 4*d - 452 = -4*s + 296, -5*d - s = -915. Let i = 477 - d. List the prime factors of i.
5, 59
Let u = -120 + 241. Let x = u - 51. What are the prime factors of x?
2, 5, 7
Let m be 21*(1 - 2)*-1. Suppose -4*n + 2 = 2*y, -3*y - 3*n = -6*y + m. List the prime factors of (-2)/y + (-228)/(-20).
11
Let t = -11 - -16. Suppose -2*r = -k + 15, -2*r + 10 = t*k + r. Suppose 5*l = -5*d + 2*d + 93, 87 = k*l - 3*d. What are the prime factors of l?
2, 3
Let s = -26 + 26. Suppose -2*c + 2*u + 198 = -s*c, 5*u + 15 = 0. What are the prime factors of c?
2, 3
Let f(h) = h**3 - h**2 - 2*h + 5. Let y be f(0). Suppose y*p - 4*n - 17 = 0, 4*p - 4 - 8 = 4*n. List the prime factors of p.
5
Let b(l) = -6*l + 1. Let r be b(-4). Let w = 137 - r. List the prime factors of w.
2, 7
Let f(y) = -y**2 + 4*y + 15. Let g be f(9). Let c be (g/(-8))/((-3)/(-8)). Suppose -2*b - 6 = -2*d, -c - 3 = -3*d + 2*b. What are the prime factors of d?
7
Let v = 141 - 89. Suppose v = 3*u - 2. Let m = u + -10. List the prime factors of m.
2
Suppose 0 = 5*z + 4*l - 6238, -3*z = 6*l - 4*l - 3742. What are the prime factors of z?
2, 7, 89
Let l(s) = 24*s + 26. List the prime factors of l(5).
2, 73
Let g be 223 - 5/(-2 + 3). Suppose 0 = -2*f - 0*m - 5*m + g, -3*f = -4*m - 304. What are the prime factors of f?
2, 13
Suppose 13*i - 10008 - 5657 = 0. What are the prime factors of i?
5, 241
Let n be 6 + (-7 + 7)/1. Let k be (-8)/6*(-153)/6. What are the prime factors of k/8 - n/(-8)?
5
Let b = 372 - 47. What are the prime factors of b?
5, 13
Let z be -3 + (6/(-2) - -2). Let o be -9 - 4/(-2) - z. What are the prime factors of (-4 + -101)/o + 0?
5, 7
List the prime factors of (-12)/(-14) + (-167555)/(-217).
773
List the prime factors of ((-32064)/240)/((-2)/5).
2, 167
Suppose -8*w + 10081 = 2721. What are the prime factors of w?
2, 5, 23
What are the prime factors of (-3131)/(-2) + ((-405)/(-18))/(-15)?
2, 17, 23
Suppose -w + 23 = -d + 2106, -8314 = -4*d - 5*w. What are the prime factors of d?
2081
Let t(z) = z**2 - 18*z - 12. Let h be t(19). Suppose h*i = 1801 + 96. List the prime factors of i.
271
What are the prime factors of (-162)/297 - (-10445)/11?
13, 73
Suppose -u + 3*a = 4*a - 91, -5*a = -2*u + 217. Suppose 2*g - u = -2*h + 4*g, 52 = h - 2*g. List the prime factors of h.
2, 11
Let r(t) = -t**2 + 12*t - 20. Let m be r(11). Let a be 47 + m*2/(-6). Suppose -b - 5*o = -4*b + a, -3*b = 4*o - 41. List the prime factors of b.
3, 5
List the prime factors of 16/4*(-70971)/(-164).
3, 577
Let z(u) = 2*u**2 + 13*u - 33. Let m(r) = 3*r. Let h be m(2). What are the prime factors of z(h)?
3, 13
Let h = 8 + -4. Suppose -y - 15 = -h*y. What are the prime factors of y?
5
Suppose 0 = -y - 128 + 589. List the prime factors of y.
461
Suppose -12*p + 3*p = 63. What are the prime factors of (6968/16 - p)*2/3?
5, 59
List the prime factors of (40051/55)/(1/5).
11, 331
Suppose -4*t - m + 35 = 0, -2*t + 5*m + 32 = t. Let h = t + 1. What are the prime factors of (56/h)/(16/40)?
2, 7
Suppose 5*d - 7332 = -2*s, -2*s - 2*d = 6*d - 7320. What are the prime factors of s?
2, 919
Suppose -4*x + 104 = -5*b, 2*b + 32 = -x + 5*x. What are the prime factors of (98/6)/((-8)/b)?
7
List the prime factors of ((-2019)/4)/((-222)/592).
2, 673
Suppose -11*o - 440 = -16*o. Suppose 0 = 5*y + j + o, -3*j - 68 - 26 = 5*y. Let s = y + 40. List the prime factors of s.
23
Let v be 670/(-4)*(1 - 9/3). Suppose -9*o = -4*o - v. List the prime factors of o.
67
Let j(y) = 12*y**2 + 3*y - 3. Let g be (4/(-4))/((-1)/3). List the prime factors of j(g).
2, 3, 19
Let q be (-188)/(-36) - (-2)/(-9). Let c(v) = 5*v - 7. Let p(w) = -2*w + 2. Let z(j) = -4*c(j) - 11*p(j). List the prime factors of z(q).
2
Suppose 5*t = -2*v - 1, -v - t - 10 = -5. Let i(l) = l**2 - 17. List the prime factors of i(v).
47
Let r be 1 - 2/2 - -107. Suppose -2*t + 3*n - n - 124 = 0, -2*n - 260 = 4*t. Let y = r + t. List the prime factors of y.
43
Let r(w) = 6*w**2 - 29*w + 111. List the prime factors of r(11).
2, 7, 37
Suppose 0 = 3*c - 736 - 134. Suppose -3*j - 5*k = c, -2*j + 3*j + 98 = -k. List the prime factors of j/(-8) - 1/2.
2, 3
Suppose 16 = -3*f - 5*g - 1, -g = 4*f. Let o = f + 3. Suppose o*a + 10 = -l + 2*l, a - 5 = 0. What are the prime factors of l?
2, 3, 5
Let r(i) = -3*i**2 - 5*i + 4. Let j be r(-4). Let z(t) = t + 48. Let d be z(-13). Let u = j + d. List the prime factors of u.
11
Let m = -4 + 14. Let b(s) = -s**2 + 13*s - 4. Let i be b(m). Suppose -i = -4*h + 86. List the prime factors of h.
2, 7
Let y = -28 - -30. Suppose -y*q = q. Suppose q = o - 2*o + 61. List the prime factors of o.
61
Let x(t) = 11 - 2 + t + 4. Let s be x(-10). Suppose -s = -3*l + 3. List the prime factors of l.
2
Let i be (-32)/448*(0 + -14). Suppose 5 = r + 4*r. Let g = r + i. List the prime factors of g.
2
Suppose 0 = -4*t + 3*w - 0*w + 196, -2*w - 8 = 0. Let a = t + -19. List the prime factors of a.
3
Let y = -5 + 25. Suppose 2*j = -3*j + y. Suppose -j*n + 87 = -109. List the prime factors of n.
7
Let n = -125 + 45. Let f = 132 + n. List the prime factors of f.
2, 13
Let a(i) = i**2 - 7*i + 10. Let p be a(7). Let w be (-6)/5*(-225)/p. Suppose 25 = 2*l - w. List the prime factors of l.
2, 13
Let d be (-2)/(-3) + 6/18. Suppose f + 5*n = -3*f + 129, d = n. What are the prime factors of f?
31
Suppose 1980 = -8*k + 13*k. Suppose 0 = 6*y - 2*y - k. List the prime factors of y.
3, 11
Suppose -9*q + 6*q + 1173 = 0. Let i = q - 275. What are the prime factors of i?
2, 29
Let o = 1787 + -1066. What are the prime factors of o?
7, 103
Let v(t) = -14*t**3 + 2*t**2 + t. Let k be v(-1). Let i = k - 13. Suppose 2*g - 3*u - 46 = u, 0 = -i*u + 4. What are the prime factors of g?
3
Let t(w) = 3*w**3 + 25*w**2 + 23*w - 13. List the prime factors of t(7).
2, 1201
Suppose 0 = -24*y - 41*y + 240175. List the prime factors of y.
5, 739
Let n be (-4)/(-3 + 11)*-6. Suppose n*p - 29 - 25 = -3*l, 0 = -4*p + 3*l + 44. Suppose -2*z + 2 = -p. What are the prime factors of z?
2
Let i = -75 + 117. Suppose 3*a = -3*t + 30, i = 4*t - 0*a + 2*a. Suppose 0 = 9*n - t*n + 122. List the prime factors of n.
61
Let y be 18*36 - 2/2. Suppose -131 = -o + h, -h = -o - 4*o + y. List the prime factors of o.
3, 43
Let h = 132 + -121. List the prime factors of h.
11
Suppose -110*d + 105*d = -490. Suppose 2*v - 2*z + 0*z - d = 0, -4*z + 8 = 0. What are the prime factors